-1 + 27 - 4/2?
22
Let s = 28 + -12. Let n be -3 + (4 - -1) - -1. Suppose -5*m - n*v + 437 = 124, -4*m + 253 = 5*v. Calculate the remainder when m is divided by s.
14
Suppose -2*g = 5*a - 57, -14*a = g - 15*a - 11. What is the remainder when 925 is divided by g?
13
Let r = 473 - 464. Calculate the remainder when 40 is divided by r.
4
Let j = 336 + -280. What is the remainder when 212 is divided by j?
44
Let t be (-1)/(-3 - (-155)/52) - 3. Let p = t + -27. Suppose 3*k = 4*k - 12. Calculate the remainder when p is divided by k.
10
Suppose -5*d = -51 - 4. Let o(f) = -f**3 + 6*f**2 + 7*f - 3. What is the remainder when o(6) is divided by d?
6
Suppose 637 = 4*k + 3*g, 2*k - 336 = -24*g + 26*g. What is the remainder when k is divided by 37?
15
Let x be -2*(-2 - (-2)/4). Suppose 11 - 77 = -x*k. Suppose 28 = 5*i + 4*n - 2*n, -4*i - 2*n = -22. What is the remainder when k is divided by i?
4
Suppose 176 = 2*p - 5*v, 9*p = 11*p - 4*v - 178. Calculate the remainder when 358 is divided by p.
79
Let v = 152 - 63. Calculate the remainder when v is divided by 15.
14
Suppose 3*k = 198 - 30. Suppose 76 = 7*n - 3*n. What is the remainder when k is divided by n?
18
Let j(z) = 2*z**2 - 6*z - 17. What is the remainder when 48 is divided by j(5)?
0
Suppose 2*x - 91 = -k, 253 = 5*k - 5*x - 202. Calculate the remainder when k is divided by 12.
7
Suppose -9*r + 20 + 1888 = 0. Calculate the remainder when r is divided by 86.
40
Let s(d) = d**3 - 9*d**2 + d. Let q be 3/((-3)/(9*-1)). Let m(i) = i**3 + 4*i**2 + 3*i + 4. Calculate the remainder when s(q) is divided by m(-3).
1
Suppose 0 = -5*o + 10*o - 100. Let v(h) = -h**3 + 6*h**2 - 5*h + 6. Let r be v(5). Suppose -r*a + 53 = 11. Calculate the remainder when o is divided by a.
6
Let m(t) = t**3 - t**2 - t + 1. Let h(f) = -2*f**3 + 7*f**2 + 5*f + 6. Let w(u) = -h(u) - m(u). Calculate the remainder when w(8) is divided by 5.
4
Let a(g) = -2*g**3 + 11*g**2 + 40*g - 34. What is the remainder when a(7) is divided by 56?
43
Let q = 57 - 37. Let u(g) = -g**3 + 5*g**2 + g - 5. Let v be u(4). Suppose 2*b - 10 + 1 = -m, 0 = -5*b - 4*m + v. What is the remainder when q is divided by b?
6
Let s(q) be the second derivative of q**3/3 + 7*q**2/2 - 44*q. Suppose 15 + 15 = 5*g. Calculate the remainder when s(2) is divided by g.
5
Suppose -o + 8*d - 3*d + 98 = 0, 3*d = -3. Let t = -16 + 8. Let i = 16 - t. What is the remainder when o is divided by i?
21
What is the remainder when (-2 - -3)/(-1) - -51 is divided by 29?
21
Suppose 8*p + 70 = 22*p. Let k(f) = 2*f**2 - 3*f - 2. Calculate the remainder when k(p) is divided by 18.
15
Let x(w) = 2*w**2 - 30*w + 178. What is the remainder when 115 is divided by x(8)?
49
Let o = 9 + 4. Suppose -5*r + 18 = 3*s, -3*r + 4*s + 15 - 10 = 0. Calculate the remainder when o is divided by r.
1
Suppose 0 = 39*t - 22*t - 323. What is the remainder when 75 is divided by t?
18
Suppose -4*t = -0*t - 4. Let r be 5 + -2 + t*-2. What is the remainder when 43 is divided by (3 - r)*(-30)/(-4)?
13
Suppose -8 = 4*a + g + 5, a = 3*g. Suppose 3*u - 8*u + 155 = 0. What is the remainder when u - a/(3/1) is divided by 12?
8
Suppose -3*d + 2*s - 146 = 0, d + 2*s = 2*d + 46. Let x = -45 - d. Suppose -2*i + 18 - 2 = 0. What is the remainder when i is divided by x?
3
Suppose 13*l - 10*l - 6 = 0. What is the remainder when 107 is divided by l - (-19 + 0 - 1)?
19
Suppose -193 = -5*m - 5*q + 787, -5*m = -4*q - 1016. What is the remainder when m is divided by 29?
26
Let z be 1/((-1)/(0 + -1)). What is the remainder when -2*(-1 - (-3)/(-6)) is divided by z/((-3)/(-12)) - 2?
1
Calculate the remainder when (-666)/(-24)*(4 + 0) is divided by 14.
13
Let j = -88 - -132. Suppose 16*i + j = 18*i. What is the remainder when 54 is divided by i?
10
Let s = 774 - 649. Calculate the remainder when s is divided by 59.
7
Let b = 31 - 12. Let t = 36 - b. Suppose 0 = 3*m + m - 4*i - 16, 0 = -3*i. What is the remainder when t is divided by m?
1
Suppose -4*j + 41 = -c, -3*j + 128 = -2*c + 101. Let s be 6*1 - (-1 + 3). Suppose 3*m + 31 = s*m. What is the remainder when m is divided by j?
9
Let n(h) = h + 20. What is the remainder when 1280/22 + (-8)/44 is divided by n(-10)?
8
Let s(j) = -2*j**2 + 25*j - 7. Let o(n) = -n**2 - 12*n - 11. Let a be o(-12). Let g = 25 + a. What is the remainder when g is divided by s(12)?
4
Let b be 4 - ((-2)/(-4))/(6/24). What is the remainder when 10 is divided by b/11 + (-64)/(-11)?
4
Let y(r) = 4*r**2 + 5*r - 14. Let x be y(4). Suppose -430 = -9*l - x. Calculate the remainder when l is divided by 25.
15
Let d(u) = 3*u**2 + 2*u - 2. What is the remainder when 55 is divided by d(-3)?
17
Suppose 5*n = -5*m + 160, 5*m + n - 179 = -15. What is the remainder when 64 is divided by m?
31
Let l(s) = s**3 - 38*s**2 + 80*s - 107. What is the remainder when l(36) is divided by 26?
25
Suppose 0 = -3*s + 4*a + 52, a = -19*s + 17*s + 53. What is the remainder when 407 is divided by s?
23
Let j(h) = -141*h - 497. What is the remainder when j(-18) is divided by 73?
70
Let q = 643 - 432. What is the remainder when q is divided by 54?
49
Suppose c + 174 = 4*c. Suppose -59*i + 438 = -801. What is the remainder when c is divided by i?
16
Let f(h) = -20*h - 271. What is the remainder when 19 is divided by f(-14)?
1
Suppose 0 = g - 0 - 16. Suppose 0 = 2*o, 5*m + 7*o + 15 = 3*o. Calculate the remainder when g is divided by m/(4/(24/(-2))).
7
Let t = -30 - -51. Let b be (6/5)/(51/85). What is the remainder when 65 is divided by 3 + b/(-1) + t?
21
Suppose -10*u = -u - 171. What is the remainder when u is divided by 3?
1
Suppose 4*y = 5*l + 704, 2*l + 414 = -5*y + 1261. What is the remainder when 347 is divided by y?
5
Let j = -33 - -37. Let d = 33 + -23. What is the remainder when d is divided by j?
2
Suppose -4*b + 9 = -11. Suppose h + 8 = -h + b*z, 0 = -2*h - z + 16. What is the remainder when 31 is divided by h?
1
Suppose 0 = -4*k + 2*q - q + 2999, -2*k + 2*q + 1504 = 0. What is the remainder when k is divided by 47?
44
Suppose 38 = -61*z + 80*z. Suppose -2*v = -7*v + 5. Calculate the remainder when z is divided by v.
0
Suppose 0 = -b + 4*f - f + 195, 4*f - 812 = -4*b. What is the remainder when b is divided by 17?
14
Let v be ((-9)/21 + 1)*7. Suppose 2*m + 6 = v*m, -32 = -2*s - 2*m. Suppose w = -w + 102. What is the remainder when w is divided by s?
12
Suppose -7 = 2*n - 5*h, 5*n - 7 = 4*h + 1. Suppose -q + 3*w + 22 = -w, -w - 43 = -n*q. What is the remainder when q is divided by 3?
1
Suppose 2*z = 19*l - 15*l - 132, -z = -4. What is the remainder when l is divided by 9?
8
What is the remainder when (68/51)/2 + 1963/3 is divided by 16?
15
Let a = -688 - -869. What is the remainder when a is divided by 46?
43
Suppose -16*a + 17*a = 64. Let u = 102 - a. Calculate the remainder when 74 is divided by u.
36
Suppose 0 = -n - 5 + 1. Let j(i) = -i**3 - 2*i**2 - 3*i - 4. What is the remainder when j(n) is divided by (0/(-1) - 2)/(49/(-343))?
12
Calculate the remainder when -474*-1*27/18 is divided by 13.
9
Suppose -c = -4*m - 0*c + 36, -2*m + 18 = -5*c. Suppose 19*r - m = 16*r. What is the remainder when 7 is divided by r?
1
Let q(f) = 6*f - 4*f - 4 + f + 2*f. What is the remainder when 31 is divided by q(2)?
1
Let s(m) = 22*m**2 - 2. Let a be 2/(-4 + (0 - -2)). What is the remainder when 179 is divided by s(a)?
19
Let d(t) = -33*t + 7. Let r be d(-2). Let k = r - 60. What is the remainder when k is divided by (-16)/(-3) - (-1)/(-3)?
3
Let o(z) = -z**3 - 3*z**2 + 10*z + 20. Let t be o(-6). Let i = 29 + -51. Let d = i + t. Calculate the remainder when d is divided by 8.
6
Suppose -a = 2*a + 5*q - 65, a - 15 = 5*q. Calculate the remainder when 148 is divided by a.
8
Suppose 5*l = -4*m - 0*l - 57, l + 69 = -4*m. What is the remainder when (1330/(-228))/((-2)/12) is divided by m/(1/(-2) + -1)?
11
Let x(b) = 10*b + 4. Let o(i) = -9*i - 3. Let u(g) = -6*o(g) - 4*x(g). What is the remainder when 46 is divided by u(1)?
14
Let v(r) = -r**3 - 2*r**2 + 3*r + 9. What is the remainder when 35 is divided by v(-3)?
8
Let i(r) = -5*r**3 - 3*r**2 + 19*r + 3. What is the remainder when i(-4) is divided by 104?
95
Let c = -17 - -21. Suppose c*j = -0*j + 48. Suppose -3*b = u - 3*u - 135, 0 = 2*u. Calculate the remainder when b is divided by j.
9
Suppose -k = -3*k 